{"id":44,"date":"2018-01-26T10:35:04","date_gmt":"2018-01-26T09:35:04","guid":{"rendered":"http:\/\/www.huzarenvanboreel.nl\/?page_id=44"},"modified":"2025-09-30T16:59:45","modified_gmt":"2025-09-30T14:59:45","slug":"lid-worden","status":"publish","type":"page","link":"https:\/\/huzarenvanboreel.nl\/index.php\/lid-worden\/","title":{"rendered":"Lid worden"},"content":{"rendered":"<h3>De vereniging<\/h3>\n<p>Het doel van de vereniging is;<\/p>\n<ul>\n<li>Het ondersteunen van de Regimentscommandant en het Regiment Huzaren van Boreel bij offici\u00eble en minder offici\u00eble gelegenheden,<\/li>\n<li>Het bevorderen van de onderlinge band tussen Regimentsgenoten, zowel actief als post-actief,<\/li>\n<li>Het eren en gedenken van de gevallenen van het Regiment,<\/li>\n<li>Het behartigen van de belangen van de leden.<\/li>\n<\/ul>\n<p>Dit wordt onder anderen verkregen door;<\/p>\n<ul>\n<li>Het organiseren van bijeenkomsten, activiteiten en (deelname aan) herdenkingen,<\/li>\n<li>Het uitgeven van het blad \u201cDe Verkenner\u201d,<\/li>\n<li>Nuldelijns veteranenzorg in samenwerking tussen het Veteraneninstituut en de vrijwilligers van de Vereniging Huzaren van Boreel<\/li>\n<li>Informatie voorziening via de website en middels nieuwsbrieven en uitnodigingen aan de leden.<\/li>\n<\/ul>\n<h3>Lidmaatschap van de Vereniging<\/h3>\n<p>Iedereen die aan de in de statuten gestelde voorwaarden voldoet kan lid worden van de Vereniging.<\/p>\n<p>Indi\u00eb-veteranen en personeel van (voor-) WO II eenheden kunnen lid worden van de re\u00fcnievereniging van hun eenheid of van de Vereniging. Voor deze categorie\u00ebn zijn de contactpersonen;<\/p>\n<ul>\n<li>Aoo bd Harry van Bergen <a href=\"mailto:indieveteranen@huzarenvanboreel.nl\">indieveteranen@huzarenvanboreel.nl<\/a> of<\/li>\n<li>Secretariaat VHB <a href=\"mailto:secretaris@huzarenvanboreel.nl\">secretaris@huzarenvanboreel.nl<\/a><\/li>\n<\/ul>\n<h3>Lid zijn van de vereniging betekent dat;<\/h3>\n<ul>\n<li>U een aantal keer per jaar het blad \u201cDe Verkenner\u201d ontvangt,<\/li>\n<li>U wordt uitgenodigd voor de evenementen die de vereniging voor haar leden organiseert,<\/li>\n<li>U de vereniging en ons Regiment ondersteunt,<\/li>\n<li>U terug kunt vallen op een aantal <a href=\"https:\/\/www.huzarenvanboreel.nl\/index.php\/over-ons\/hulpverlening\/\">Nuldelijns helpers<\/a> van onze vereniging. Zij kunnen ondersteuning verlenen aan leden die door hun inzet tijdens missies daar behoefte aan hebben.<\/li>\n<li>Als een de vereniging met veel leden zijn we een gesprekspartner bij onder andere de Overheid, Gemeenten en het Veteraneninstituut,<br \/>\nAls wij veel leden hebben kunnen we eventueel aanspraak maken op subsidies die het organiseren van bijeenkomsten weer vereenvoudigd<\/li>\n<\/ul>\n<p>In de toekomst willen we meer faciliteiten voor leden kunnen bieden.<\/p>\n<h3>Maar ook voor de vereniging is uw lidmaatschap belangrijk;<\/h3>\n<ul>\n<li>Door uw lidmaatschap kan de vereniging activiteiten ontplooien om zo haar doelstellingen te verwezenlijken. Zie voor de doelstellingen en hoe we hier invulling aan willen geven de statuten (ook op deze website).<\/li>\n<li>Als een de vereniging met veel leden zijn we een gesprekspartner bij bijvoorbeeld overheden,<br \/>\nveteranenorganisaties en relevante maatschappelijke organisaties.<\/li>\n<li>Als we veel leden hebben en kunnen we eventueel aanspraak maken op subsidies.<\/li>\n<\/ul>\n<h3>Contributie<\/h3>\n<p>De contributie dient te worden betaald op de rekening van de Vereniging. U ontvangt hierover informatie via de ledenadministratie bij inschrijving.<\/p>\n<p>Op dit moment bedraagt de contributie \u20ac 15,00 per jaar en het is ons streven om dit zo lang mogelijk zo een klein bedrag te houden.<\/p>\n<h3>Lid worden<\/h3>\n<p>Via het <strong><a href=\"https:\/\/www.huzarenvanboreel.nl\/index.php\/lid-worden\/aanmeldingsformulier\/\">aanmeldingsformulier<\/a> <\/strong>kunt u zich aanmelden bij de Vereniging Huzaren van Boreel. Onze ledenadministratie neemt vervolgens contact met u op. Binnen korte tijd bent u lid van de Vereniging Huzaren van Boreel en ontvangt u De Verkenner. Daarnaast zijn er al andere voordelen om lid te zijn.<br \/>\nU kunt in de artikelen hierboven aanvullende informatie over het lidmaatschap lezen.<\/p>\n","protected":false},"excerpt":{"rendered":"<p>De vereniging Het doel van de vereniging is; Het ondersteunen van de Regimentscommandant en het Regiment Huzaren van Boreel bij offici\u00eble en minder offici\u00eble gelegenheden, Het bevorderen van de onderlinge band tussen Regimentsgenoten, zowel actief als post-actief, Het eren en gedenken van de gevallenen van het Regiment, Het behartigen van de belangen van de leden. &#8230; <a title=\"Lid worden\" class=\"read-more\" href=\"https:\/\/huzarenvanboreel.nl\/index.php\/lid-worden\/\" aria-label=\"Lees meer over Lid worden\">Lees verder<\/a><\/p>\n","protected":false},"author":1,"featured_media":58257,"parent":0,"menu_order":0,"comment_status":"closed","ping_status":"closed","template":"","meta":{"_bbp_topic_count":0,"_bbp_reply_count":0,"_bbp_total_topic_count":0,"_bbp_total_reply_count":0,"_bbp_voice_count":0,"_bbp_anonymous_reply_count":0,"_bbp_topic_count_hidden":0,"_bbp_reply_count_hidden":0,"_bbp_forum_subforum_count":0,"ngg_post_thumbnail":0,"footnotes":""},"class_list":["post-44","page","type-page","status-publish","has-post-thumbnail"],"_links":{"self":[{"href":"https:\/\/huzarenvanboreel.nl\/index.php\/wp-json\/wp\/v2\/pages\/44","targetHints":{"allow":["GET"]}}],"collection":[{"href":"https:\/\/huzarenvanboreel.nl\/index.php\/wp-json\/wp\/v2\/pages"}],"about":[{"href":"https:\/\/huzarenvanboreel.nl\/index.php\/wp-json\/wp\/v2\/types\/page"}],"author":[{"embeddable":true,"href":"https:\/\/huzarenvanboreel.nl\/index.php\/wp-json\/wp\/v2\/users\/1"}],"replies":[{"embeddable":true,"href":"https:\/\/huzarenvanboreel.nl\/index.php\/wp-json\/wp\/v2\/comments?post=44"}],"version-history":[{"count":11,"href":"https:\/\/huzarenvanboreel.nl\/index.php\/wp-json\/wp\/v2\/pages\/44\/revisions"}],"predecessor-version":[{"id":61024,"href":"https:\/\/huzarenvanboreel.nl\/index.php\/wp-json\/wp\/v2\/pages\/44\/revisions\/61024"}],"wp:featuredmedia":[{"embeddable":true,"href":"https:\/\/huzarenvanboreel.nl\/index.php\/wp-json\/wp\/v2\/media\/58257"}],"wp:attachment":[{"href":"https:\/\/huzarenvanboreel.nl\/index.php\/wp-json\/wp\/v2\/media?parent=44"}],"curies":[{"name":"wp","href":"https:\/\/api.w.org\/{rel}","templated":true}]}}